{"id":6602,"date":"2025-10-07T16:04:55","date_gmt":"2025-10-07T14:04:55","guid":{"rendered":"\/katalog\/?post_type=product&#038;p=6602"},"modified":"2025-10-07T16:04:56","modified_gmt":"2025-10-07T14:04:56","slug":"sielaff-siline-snack-m-outdoor-snackautomat","status":"publish","type":"product","link":"\/katalog\/produkt\/sielaff-siline-snack-m-outdoor-snackautomat\/","title":{"rendered":"Sielaff SiLine Snack M Outdoor \u2013 Snackautomat"},"content":{"rendered":"<p data-start=\"416\" data-end=\"797\">Der <strong data-start=\"420\" data-end=\"446\">SiLine Snack M Outdoor<\/strong> ist ein robuster und leistungsstarker <strong data-start=\"485\" data-end=\"515\">Snack- und Getr\u00e4nkeautomat<\/strong> f\u00fcr den <strong data-start=\"524\" data-end=\"551\">Einsatz im Au\u00dfenbereich<\/strong>. Er vereint modernes Design mit h\u00f6chster Sicherheit, Witterungsbest\u00e4ndigkeit und Bedienkomfort. Dank seiner hochwertigen Ausstattung ist er ideal f\u00fcr <strong data-start=\"702\" data-end=\"785\">Betriebe, Rastpl\u00e4tze, Au\u00dfenfl\u00e4chen von Firmengeb\u00e4uden und \u00f6ffentliche Standorte<\/strong> geeignet.<\/p>\n<p data-start=\"799\" data-end=\"832\"><strong data-start=\"799\" data-end=\"830\">Eigenschaften und Vorteile:<\/strong><\/p>\n<ul data-start=\"833\" data-end=\"1771\">\n<li data-start=\"833\" data-end=\"936\">\n<p data-start=\"835\" data-end=\"936\"><strong data-start=\"835\" data-end=\"853\">Designpaket A:<\/strong> LED-Leuchtstreifen f\u00fcr eine attraktive und energieeffiziente Produktpr\u00e4sentation<\/p>\n<\/li>\n<li data-start=\"937\" data-end=\"1004\">\n<p data-start=\"939\" data-end=\"1004\"><strong data-start=\"939\" data-end=\"957\">2T-Ausf\u00fchrung:<\/strong> zwei Temperaturzonen f\u00fcr Snacks und Getr\u00e4nke<\/p>\n<\/li>\n<li data-start=\"1005\" data-end=\"1085\">\n<p data-start=\"1007\" data-end=\"1085\"><strong data-start=\"1007\" data-end=\"1027\">Layout Combi 1M:<\/strong> flexible Fachaufteilung f\u00fcr gemischte Produktbest\u00fcckung<\/p>\n<\/li>\n<li data-start=\"1086\" data-end=\"1251\">\n<p data-start=\"1088\" data-end=\"1251\"><strong data-start=\"1088\" data-end=\"1120\">Bezahloptionen &amp; Sicherheit:<\/strong> Kasse + M\u00fcnzschaltger\u00e4t verschlie\u00dfbar (CES), M\u00fcnzeinwurfschieber und R\u00fcckgabetrommel gezahnt f\u00fcr erh\u00f6hte Manipulationssicherheit<\/p>\n<\/li>\n<li data-start=\"1252\" data-end=\"1547\">\n<p data-start=\"1254\" data-end=\"1299\"><strong data-start=\"1254\" data-end=\"1297\">Erh\u00f6hter Einbruch- &amp; Vandalismusschutz:<\/strong><\/p>\n<ul data-start=\"1302\" data-end=\"1547\">\n<li data-start=\"1302\" data-end=\"1331\">\n<p data-start=\"1304\" data-end=\"1331\">Schlagschutz in RAL-Farbe<\/p>\n<\/li>\n<li data-start=\"1334\" data-end=\"1368\">\n<p data-start=\"1336\" data-end=\"1368\">Verst\u00e4rkter Sperrklappenschutz<\/p>\n<\/li>\n<li data-start=\"1371\" data-end=\"1433\">\n<p data-start=\"1373\" data-end=\"1433\">Schlagschutz mit 8 mm ESG-Glasscheibe (anstatt PC-Scheibe)<\/p>\n<\/li>\n<li data-start=\"1436\" data-end=\"1493\">\n<p data-start=\"1438\" data-end=\"1493\">Schlie\u00dfung mit Einbruchschutzrahmen und Schlosstasche<\/p>\n<\/li>\n<li data-start=\"1496\" data-end=\"1547\">\n<p data-start=\"1498\" data-end=\"1547\">Lichtgitter zur Absicherung des Ausgabebereichs<\/p>\n<\/li>\n<\/ul>\n<\/li>\n<li data-start=\"1548\" data-end=\"1680\">\n<p data-start=\"1550\" data-end=\"1680\"><strong data-start=\"1550\" data-end=\"1572\">Zubeh\u00f6r &amp; Montage:<\/strong> Sockelblenden vorne und seitlich (RAL-beschichtet), lackierte R\u00fcckwandblende, Bodenbefestigung beiliegend<\/p>\n<\/li>\n<li data-start=\"1681\" data-end=\"1771\">\n<p data-start=\"1683\" data-end=\"1771\"><strong data-start=\"1683\" data-end=\"1702\">Preisinklusive:<\/strong> Alle genannten Funktionen und Zubeh\u00f6rteile sind im Preis enthalten<\/p>\n<\/li>\n<\/ul>\n<p data-start=\"1773\" data-end=\"1970\">Der <strong data-start=\"1777\" data-end=\"1803\">SiLine Snack M Outdoor<\/strong> bietet <strong data-start=\"1811\" data-end=\"1868\">maximale Sicherheit, Zuverl\u00e4ssigkeit und Flexibilit\u00e4t<\/strong> \u2013 die perfekte L\u00f6sung f\u00fcr den <strong data-start=\"1899\" data-end=\"1967\">automatisierten Verkauf von Snacks und Getr\u00e4nken im Au\u00dfenbereich<\/strong>.<\/p>\n","protected":false},"excerpt":{"rendered":"<p>Der SiLine Snack M Outdoor ist ein robuster und leistungsstarker Snack- und Getr\u00e4nkeautomat f\u00fcr den Einsatz im Au\u00dfenbereich. Er vereint modernes Design mit h\u00f6chster Sicherheit, Witterungsbest\u00e4ndigkeit und Bedienkomfort. Dank seiner hochwertigen Ausstattung ist er ideal f\u00fcr Betriebe, Rastpl\u00e4tze, Au\u00dfenfl\u00e4chen von Firmengeb\u00e4uden und \u00f6ffentliche Standorte geeignet. Eigenschaften und Vorteile: Designpaket A: LED-Leuchtstreifen f\u00fcr eine attraktive und [&hellip;]<\/p>\n","protected":false},"featured_media":6605,"template":"","meta":{"_acf_changed":false},"product_cat":[281,268,286,269,287,270,267,282,283,263,288],"product_tag":[295,292,293,296,297,298,299,294,300,301,289],"class_list":{"0":"post-6602","1":"product","2":"type-product","3":"status-publish","4":"has-post-thumbnail","6":"product_cat-foodautomaten","7":"product_cat-getraenkeautomaten","8":"product_cat-hygiene-automaten","9":"product_cat-kombiautomaten","10":"product_cat-masken-automaten","11":"product_cat-outdoorautomaten","12":"product_cat-snackautomaten","13":"product_cat-vending-automaten","14":"product_cat-verkaufsautomaten","15":"product_cat-verpflegungsautomaten","16":"product_cat-warenautomaten","17":"product_tag-food-automat","18":"product_tag-getraenke","19":"product_tag-getraenkeautomat","20":"product_tag-hygiene-automat","21":"product_tag-kombi-automat","22":"product_tag-masken-automat","23":"product_tag-snack-automat","24":"product_tag-vending-automaten","25":"product_tag-verkaufsautomat","26":"product_tag-verpflegungsautomat","27":"product_tag-warenautomat","29":"first","30":"instock","31":"shipping-taxable","32":"purchasable","33":"product-type-simple"},"acf":[],"_links":{"self":[{"href":"\/katalog\/wp-json\/wp\/v2\/product\/6602"}],"collection":[{"href":"\/katalog\/wp-json\/wp\/v2\/product"}],"about":[{"href":"\/katalog\/wp-json\/wp\/v2\/types\/product"}],"wp:featuredmedia":[{"embeddable":true,"href":"\/katalog\/wp-json\/wp\/v2\/media\/6605"}],"wp:attachment":[{"href":"\/katalog\/wp-json\/wp\/v2\/media?parent=6602"}],"wp:term":[{"taxonomy":"product_cat","embeddable":true,"href":"\/katalog\/wp-json\/wp\/v2\/product_cat?post=6602"},{"taxonomy":"product_tag","embeddable":true,"href":"\/katalog\/wp-json\/wp\/v2\/product_tag?post=6602"}],"curies":[{"name":"wp","href":"https:\/\/api.w.org\/{rel}","templated":true}]}}