{"id":6580,"date":"2025-10-07T14:07:19","date_gmt":"2025-10-07T12:07:19","guid":{"rendered":"\/katalog\/?post_type=product&#038;p=6580"},"modified":"2025-10-07T14:07:20","modified_gmt":"2025-10-07T12:07:20","slug":"sielaff-robimat-xm-getraenkeautomat","status":"publish","type":"product","link":"\/katalog\/produkt\/sielaff-robimat-xm-getraenkeautomat\/","title":{"rendered":"Sielaff Robimat XM \u2013 Getr\u00e4nkeautomat"},"content":{"rendered":"<p data-start=\"295\" data-end=\"625\">Der <strong data-start=\"299\" data-end=\"313\">Robimat XM<\/strong> ist ein leistungsstarker und vielseitiger Getr\u00e4nkeautomat f\u00fcr <strong data-start=\"376\" data-end=\"421\">gek\u00fchlte Flaschen, PET-Flaschen und Dosen<\/strong>. Mit seiner <strong data-start=\"434\" data-end=\"466\">robusten, modularen Bauweise<\/strong> ist er besonders <strong data-start=\"484\" data-end=\"505\">servicefreundlich<\/strong>, <strong data-start=\"507\" data-end=\"520\">langlebig<\/strong> und <strong data-start=\"525\" data-end=\"543\">recyclingf\u00e4hig<\/strong>. Ideal geeignet f\u00fcr <strong data-start=\"564\" data-end=\"622\">B\u00fcros, Betriebe, Pausenr\u00e4ume und \u00f6ffentliche Standorte<\/strong>.<\/p>\n<p data-start=\"627\" data-end=\"660\"><strong data-start=\"627\" data-end=\"658\">Eigenschaften und Vorteile:<\/strong><\/p>\n<ul data-start=\"661\" data-end=\"1016\">\n<li data-start=\"661\" data-end=\"733\">\n<p data-start=\"663\" data-end=\"733\"><strong data-start=\"663\" data-end=\"686\">Verst\u00e4rkte K\u00fchlung:<\/strong> R290 (HC9) f\u00fcr gleichm\u00e4\u00dfig gek\u00fchlte Getr\u00e4nke<\/p>\n<\/li>\n<li data-start=\"734\" data-end=\"846\">\n<p data-start=\"736\" data-end=\"846\"><strong data-start=\"736\" data-end=\"768\">Bezahloptionen &amp; Sicherheit:<\/strong> M\u00fcnzschieber + R\u00fcckgabetrommel, Kasse + M\u00fcnzschaltger\u00e4t verschlie\u00dfbar (CES)<\/p>\n<\/li>\n<li data-start=\"847\" data-end=\"925\">\n<p data-start=\"849\" data-end=\"925\"><strong data-start=\"849\" data-end=\"871\">Zubeh\u00f6r &amp; Montage:<\/strong> Sockelblenden seitlich, Bodenbefestigung beiliegend<\/p>\n<\/li>\n<li data-start=\"926\" data-end=\"1016\">\n<p data-start=\"928\" data-end=\"1016\"><strong data-start=\"928\" data-end=\"947\">Preisinklusive:<\/strong> Alle genannten Funktionen und Zubeh\u00f6rteile sind im Preis enthalten<\/p>\n<\/li>\n<\/ul>\n<p data-start=\"1018\" data-end=\"1174\">Der <strong data-start=\"1022\" data-end=\"1036\">Robimat XM<\/strong> ist die ideale L\u00f6sung f\u00fcr den automatisierten Verkauf von gek\u00fchlten Getr\u00e4nken \u2013 <strong data-start=\"1117\" data-end=\"1171\">zuverl\u00e4ssig, wirtschaftlich und benutzerfreundlich<\/strong>.<\/p>\n","protected":false},"excerpt":{"rendered":"<p>Der Robimat XM ist ein leistungsstarker und vielseitiger Getr\u00e4nkeautomat f\u00fcr gek\u00fchlte Flaschen, PET-Flaschen und Dosen. Mit seiner robusten, modularen Bauweise ist er besonders servicefreundlich, langlebig und recyclingf\u00e4hig. Ideal geeignet f\u00fcr B\u00fcros, Betriebe, Pausenr\u00e4ume und \u00f6ffentliche Standorte. Eigenschaften und Vorteile: Verst\u00e4rkte K\u00fchlung: R290 (HC9) f\u00fcr gleichm\u00e4\u00dfig gek\u00fchlte Getr\u00e4nke Bezahloptionen &amp; Sicherheit: M\u00fcnzschieber + R\u00fcckgabetrommel, Kasse + [&hellip;]<\/p>\n","protected":false},"featured_media":6582,"template":"","meta":{"_acf_changed":false},"product_cat":[268,282,283,263,288],"product_tag":[292,293,294,300,301,289],"class_list":{"0":"post-6580","1":"product","2":"type-product","3":"status-publish","4":"has-post-thumbnail","6":"product_cat-getraenkeautomaten","7":"product_cat-vending-automaten","8":"product_cat-verkaufsautomaten","9":"product_cat-verpflegungsautomaten","10":"product_cat-warenautomaten","11":"product_tag-getraenke","12":"product_tag-getraenkeautomat","13":"product_tag-vending-automaten","14":"product_tag-verkaufsautomat","15":"product_tag-verpflegungsautomat","16":"product_tag-warenautomat","18":"first","19":"instock","20":"shipping-taxable","21":"purchasable","22":"product-type-simple"},"acf":[],"_links":{"self":[{"href":"\/katalog\/wp-json\/wp\/v2\/product\/6580"}],"collection":[{"href":"\/katalog\/wp-json\/wp\/v2\/product"}],"about":[{"href":"\/katalog\/wp-json\/wp\/v2\/types\/product"}],"wp:featuredmedia":[{"embeddable":true,"href":"\/katalog\/wp-json\/wp\/v2\/media\/6582"}],"wp:attachment":[{"href":"\/katalog\/wp-json\/wp\/v2\/media?parent=6580"}],"wp:term":[{"taxonomy":"product_cat","embeddable":true,"href":"\/katalog\/wp-json\/wp\/v2\/product_cat?post=6580"},{"taxonomy":"product_tag","embeddable":true,"href":"\/katalog\/wp-json\/wp\/v2\/product_tag?post=6580"}],"curies":[{"name":"wp","href":"https:\/\/api.w.org\/{rel}","templated":true}]}}