{"id":6542,"date":"2025-10-06T09:51:42","date_gmt":"2025-10-06T07:51:42","guid":{"rendered":"\/katalog\/?post_type=product&#038;p=6542"},"modified":"2025-10-06T09:51:42","modified_gmt":"2025-10-06T07:51:42","slug":"nuuk-215-zoll","status":"publish","type":"product","link":"\/katalog\/produkt\/nuuk-215-zoll\/","title":{"rendered":"NUUK 21,5 Zoll"},"content":{"rendered":"<p data-start=\"262\" data-end=\"577\">Der <strong data-start=\"353\" data-end=\"367\">NUUK 21,5&#8243;<\/strong> ist ein moderner <strong data-start=\"385\" data-end=\"401\">Food-Automat<\/strong>, der frische, verpackte Speisen und Snacks direkt an den Kunden ausgibt. Mit einem gro\u00dfen <strong data-start=\"492\" data-end=\"517\">21,5-Zoll-Touchscreen<\/strong> erm\u00f6glicht er eine intuitive, interaktive Produktauswahl.<\/p>\n<p data-start=\"579\" data-end=\"612\"><strong data-start=\"579\" data-end=\"610\">Eigenschaften und Vorteile:<\/strong><\/p>\n<ul data-start=\"613\" data-end=\"1333\">\n<li data-start=\"613\" data-end=\"724\">\n<p data-start=\"615\" data-end=\"724\"><strong data-start=\"615\" data-end=\"641\">21,5-Zoll-Touchdisplay<\/strong>: \u00fcbersichtliche und benutzerfreundliche Oberfl\u00e4che f\u00fcr Produktwahl und Bezahlung<\/p>\n<\/li>\n<li data-start=\"725\" data-end=\"821\">\n<p data-start=\"727\" data-end=\"821\"><strong data-start=\"727\" data-end=\"760\">Optimiert f\u00fcr frische Speisen<\/strong>: geeignet f\u00fcr verpackte Mahlzeiten, Snacks oder Sandwiches<\/p>\n<\/li>\n<li data-start=\"822\" data-end=\"910\">\n<p data-start=\"824\" data-end=\"910\"><strong data-start=\"824\" data-end=\"848\">Hygienische Lagerung<\/strong>: gek\u00fchlte F\u00e4cher f\u00fcr konstante Frische und sichere Lagerung<\/p>\n<\/li>\n<li data-start=\"911\" data-end=\"993\">\n<p data-start=\"913\" data-end=\"993\"><strong data-start=\"913\" data-end=\"935\">Flexible Kapazit\u00e4t<\/strong>: je nach Konfiguration mehrere Dutzend Produkte m\u00f6glich<\/p>\n<\/li>\n<li data-start=\"994\" data-end=\"1100\">\n<p data-start=\"996\" data-end=\"1100\"><strong data-start=\"996\" data-end=\"1022\">Moderne Bezahloptionen<\/strong>: kompatibel mit M\u00fcnzen, Banknoten, Karten und kontaktlosen Zahlungssystemen<\/p>\n<\/li>\n<li data-start=\"1101\" data-end=\"1196\">\n<p data-start=\"1103\" data-end=\"1196\"><strong data-start=\"1103\" data-end=\"1134\">LED-Beleuchtung &amp; Glasfront<\/strong>: ansprechende Produktpr\u00e4sentation und einfache Sichtbarkeit<\/p>\n<\/li>\n<li data-start=\"1197\" data-end=\"1333\">\n<p data-start=\"1199\" data-end=\"1333\"><strong data-start=\"1199\" data-end=\"1223\">Robust &amp; zuverl\u00e4ssig<\/strong>: langlebige Bauweise f\u00fcr den intensiven Einsatz in B\u00fcros, Kantinen, Schulen oder \u00f6ffentlichen Einrichtungen<\/p>\n<\/li>\n<\/ul>\n<p data-start=\"1335\" data-end=\"1506\">Der <strong data-start=\"1339\" data-end=\"1353\">NUUK 21,5&#8243;<\/strong> bietet eine perfekte L\u00f6sung f\u00fcr die automatisierte Ausgabe von frischen Speisen und Snacks \u2013 rund um die Uhr, hygienisch und benutzerfreundlich.<\/p>\n","protected":false},"excerpt":{"rendered":"<p>Der NUUK 21,5&#8243; ist ein moderner Food-Automat, der frische, verpackte Speisen und Snacks direkt an den Kunden ausgibt. Mit einem gro\u00dfen 21,5-Zoll-Touchscreen erm\u00f6glicht er eine intuitive, interaktive Produktauswahl. Eigenschaften und Vorteile: 21,5-Zoll-Touchdisplay: \u00fcbersichtliche und benutzerfreundliche Oberfl\u00e4che f\u00fcr Produktwahl und Bezahlung Optimiert f\u00fcr frische Speisen: geeignet f\u00fcr verpackte Mahlzeiten, Snacks oder Sandwiches Hygienische Lagerung: gek\u00fchlte F\u00e4cher [&hellip;]<\/p>\n","protected":false},"featured_media":6546,"template":"","meta":{"_acf_changed":false},"product_cat":[281,267,282,283,263,288],"product_tag":[295,299,294,300,301,289],"class_list":{"0":"post-6542","1":"product","2":"type-product","3":"status-publish","4":"has-post-thumbnail","6":"product_cat-foodautomaten","7":"product_cat-snackautomaten","8":"product_cat-vending-automaten","9":"product_cat-verkaufsautomaten","10":"product_cat-verpflegungsautomaten","11":"product_cat-warenautomaten","12":"product_tag-food-automat","13":"product_tag-snack-automat","14":"product_tag-vending-automaten","15":"product_tag-verkaufsautomat","16":"product_tag-verpflegungsautomat","17":"product_tag-warenautomat","19":"first","20":"instock","21":"shipping-taxable","22":"purchasable","23":"product-type-simple"},"acf":[],"_links":{"self":[{"href":"\/katalog\/wp-json\/wp\/v2\/product\/6542"}],"collection":[{"href":"\/katalog\/wp-json\/wp\/v2\/product"}],"about":[{"href":"\/katalog\/wp-json\/wp\/v2\/types\/product"}],"wp:featuredmedia":[{"embeddable":true,"href":"\/katalog\/wp-json\/wp\/v2\/media\/6546"}],"wp:attachment":[{"href":"\/katalog\/wp-json\/wp\/v2\/media?parent=6542"}],"wp:term":[{"taxonomy":"product_cat","embeddable":true,"href":"\/katalog\/wp-json\/wp\/v2\/product_cat?post=6542"},{"taxonomy":"product_tag","embeddable":true,"href":"\/katalog\/wp-json\/wp\/v2\/product_tag?post=6542"}],"curies":[{"name":"wp","href":"https:\/\/api.w.org\/{rel}","templated":true}]}}